be h(-2). Suppose f - 178 = -5*m, 5*f - 134 = -u*m + 2*m. List the prime factors of m.
2, 3
Suppose -2*y - 2440 = -10*y. Let b = y + -143. What are the prime factors of b?
2, 3
Let y(b) = -10*b. Let u be y(-1). Let q = u - 7. Suppose q = l - 11. What are the prime factors of l?
2, 7
Let n be ((-920)/(-15) - 2) + (-1)/3. Let i = 143 - n. List the prime factors of i.
2, 3, 7
Suppose -2*z + 10*z - 1392 = 0. List the prime factors of (z/5 - -1) + (-6)/(-30).
2, 3
Suppose -2*d - 5*j + 11 = 0, 3*j = -5*d - 0*j + 56. Let f = 33 - d. Let n = 54 - f. What are the prime factors of n?
2, 17
Let c be (-48)/14 - (-4)/(-7). Let z(k) = 13*k**2 + 8*k - 5. List the prime factors of z(c).
3, 19
Suppose 12*q + 5500 = 23*q. List the prime factors of q.
2, 5
Suppose 13*g - 10*g + 6136 = 4*z, -3*z + 3*g = -4602. List the prime factors of z.
2, 13, 59
Suppose 0 = -s, 2*s - 3*s = -2*f + 7686. What are the prime factors of f?
3, 7, 61
Let s = 188 - 62. Let x = s + -77. What are the prime factors of x?
7
Suppose 3*a = -5*y + 32, 2*y - 21 = -a - 10. Suppose -6*g + 2*g - 8 = 0. Let d = g + a. What are the prime factors of d?
7
Let i(p) = p - 3. Let b be i(-11). What are the prime factors of 4/(-1)*1 - b?
2, 5
Let u(w) = w**2 - 8*w - 18. Let v be u(10). Suppose 5*j - v*y = 353, -j = 3*j - 4*y - 292. What are the prime factors of j?
3, 23
Let l be 1 + -1*(-1 - 2). Let z = 82 - 57. Suppose z = c + l*c. List the prime factors of c.
5
Let q = -92 + 119. Suppose 5*g = 8*g - q. What are the prime factors of g?
3
What are the prime factors of 1 + 0 - (0 - 0) - -1362?
29, 47
Suppose 3*j + 1089 = 2*x, -4*x + 4*j = -0*x - 2180. List the prime factors of x.
2, 3, 7, 13
Suppose -p = 5*o - 6*p - 1645, -2*o - 4*p = -628. Suppose 5*g - 71 = o. List the prime factors of g.
79
Let f(o) = -10*o + 534. What are the prime factors of f(-11)?
2, 7, 23
Let o(g) = -g**2 - 7*g + 6. Let q be o(-8). Let a(h) = h + 6. Let b be a(q). Suppose -28 = b*u - 276. What are the prime factors of u?
2, 31
Let n(g) = 5*g**3 - 15*g**2 + 3*g + 17. What are the prime factors of n(7)?
2, 509
Suppose -4*q = 3*h - 1407, -2*h + 5*q = 8*q - 938. What are the prime factors of h?
7, 67
Let y(r) = r**2 - 2*r + 13. Let h be y(0). List the prime factors of (0 + 3 - 7) + h.
3
Suppose -8*f + 24 = -2*f. List the prime factors of (8 - 12/(-3)) + f.
2
Let a(g) = -6*g**3 - 5*g**2 - 2*g - 3. What are the prime factors of a(-2)?
29
Suppose 6 + 81 = 3*u. Suppose w - 2*x = -x + u, 5*w - x = 125. Let d = w + -15. List the prime factors of d.
3
Let w = 1601 + -1033. List the prime factors of w.
2, 71
Let d be 9 - (-5 + (-8)/(-4)). Let w be (-114)/(-4) - d/(-8). Suppose -2*k - 4*f = -w, 4*k = 2*f + 22 + 38. List the prime factors of k.
3, 5
Let b = 8 - 6. Suppose b*s = 4 - 0. Suppose t - 23 = s. What are the prime factors of t?
5
Let v(p) = -p + 101. List the prime factors of v(-7).
2, 3
Suppose 11*b - 6*b + 160 = 0. Let w = 72 + b. List the prime factors of w.
2, 5
Suppose -m - 6 = -0. Let a = m + 7. Suppose 4*g - 33 = -0*g - 5*t, t = 3*g - a. List the prime factors of g.
2
Suppose -2*d = -17*d + 37380. List the prime factors of d.
2, 7, 89
Suppose -4618 + 1036 = -3*f. List the prime factors of f.
2, 3, 199
Let h(q) = -q**3 + 4*q**2 - 4*q + 8. Let k be h(6). Let d = 88 - k. List the prime factors of d.
2, 11
Let o = 1664 + -919. What are the prime factors of o?
5, 149
List the prime factors of (-25645)/(-35) - (-2)/7.
733
Let j = -1008 - -1709. List the prime factors of j.
701
Let i be (-1 - (0 - 78)) + (-16)/(-4). Let a = 2 + i. List the prime factors of a.
83
Let q(t) = -22*t + 12. Suppose -10*d + 6 - 66 = 0. What are the prime factors of q(d)?
2, 3
Suppose -5*g + 696 = -664. Let p = -183 + g. List the prime factors of p.
89
Let s(z) = 2*z**3 - 3*z**3 + 3*z**3 - 3*z**2 + 4*z**2 - 3. What are the prime factors of s(3)?
2, 3, 5
Let l(a) = 738*a + 128. List the prime factors of l(3).
2, 1171
Suppose -5*p - 1379 = -12*p. What are the prime factors of p?
197
Suppose -2*r + 5*q + 1802 = 0, 13*q - 8 = 9*q. List the prime factors of r.
2, 3, 151
Let a = -73 + 85. Let b = 31 - a. What are the prime factors of b?
19
Suppose 26 - 1 = 5*v, -2*v + 4060 = 5*j. List the prime factors of j.
2, 3, 5
Suppose -7*l = 15*l - 91300. List the prime factors of l.
2, 5, 83
List the prime factors of (-2)/11 + (-56955)/(-165).
3, 5, 23
Suppose 0 = -i - 30 + 114. Suppose 0*w + i = 4*w. Suppose z - w = 17. What are the prime factors of z?
2, 19
Suppose -a + 8 = -3*q, 5*q = 2*a - 6*a - 19. Let m = q + 3. Suppose -2*b - 2*b + 52 = m. List the prime factors of b.
13
Let c = -1511 + 2451. What are the prime factors of c?
2, 5, 47
Let y(f) = f**3 + f**2 + 5. Let l be y(0). Let q be l*(-6 - 0)/3. Let r = 11 - q. What are the prime factors of r?
3, 7
Let i(h) = -h**3 + 23*h**2 - 2*h + 41. Let c be i(23). Let v(b) = -3*b + 37. What are the prime factors of v(c)?
2, 13
Let v = 12897 - 9168. What are the prime factors of v?
3, 11, 113
Let k = 165 + -166. Let g(y) = y - 1. Let j(o) = 40*o - 5. Let f(v) = 5*g(v) - j(v). List the prime factors of f(k).
5, 7
Let o = -387 - -558. List the prime factors of o.
3, 19
Suppose -l - 965 = -2*j - 242, 719 = 2*j - 5*l. List the prime factors of j.
2, 181
Let u = -580 + 1247. List the prime factors of u.
23, 29
Let p be (-56)/(-21)*18/8. Suppose m - 4*m - 2*d = -p, 2*d = -5*m + 14. Suppose -6*w - 38 = -3*o - 2*w, 0 = m*w - 16. List the prime factors of o.
2, 3
Let n(i) = 3*i**3 + 39*i**2 - 11*i + 39. What are the prime factors of n(-13)?
2, 7, 13
Let k(q) = -41*q + 16. Let n(o) = -54*o + 15. Let l(x) = 4*k(x) - 3*n(x). Let w(v) = -2*v**2 + 3*v + 3. Let s be w(4). What are the prime factors of l(s)?
53
Let l(r) = -r**3 - r**2 - 1. Let o(y) = 3*y**3 + 15*y**2 + 13*y - 3. Let t(n) = -2*l(n) - o(n). List the prime factors of t(-12).
17
Suppose 7*v - 4515 + 1225 = 0. What are the prime factors of v?
2, 5, 47
Let t(y) be the third derivative of y**4/3 + 5*y**3/3 + y**2. Let x be t(5). Suppose 0 = 5*w - v - 105, 2*w - 2*v - x = -0*v. List the prime factors of w.
2, 5
Let m = -143 + 171. Suppose -3*q + m = -776. What are the prime factors of q?
2, 67
Let k(n) = 30*n**2 + 8*n - 26. List the prime factors of k(5).
2, 191
Suppose 28 = 5*x - x. Suppose -x*n = 35 + 7. What are the prime factors of (-200)/n - (-12)/18?
2, 17
Let l(y) = -y**3 - 8*y**2 - 12*y + 2. Let b be l(-5). Let m = b + 45. List the prime factors of m.
2
Suppose -2*r = h - 10, -4*h + 2*r = h - 86. Suppose 0 = 5*d - h - 84. List the prime factors of d.
2, 5
Suppose -92 = -10*g - 13*g. Let j(d) = -4 - d**3 - 4*d + 0*d + 2*d**3. List the prime factors of j(g).
2, 11
What are the prime factors of (-3646)/(-10) + 40/100?
5, 73
Suppose 2*f = -4*f + 114. List the prime factors of 159 - 1 - 0/f.
2, 79
Suppose -5*s + 12 = -8*s. Let c(b) = 19*b. Let k be c(s). Let d = -50 - k. List the prime factors of d.
2, 13
Suppose -26*c + 31*c - 1335 = 0. List the prime factors of c.
3, 89
Let p = 1633 + -972. What are the prime factors of p?
661
Suppose 4*q + l = 15517, 4*q + 3*l - 13744 - 1783 = 0. What are the prime factors of q?
2, 7, 277
Suppose -r = 1 - 4. Suppose 3*g - o - 196 = 0, r*g + 2 = -4*o + 193. Suppose g = 6*m - 91. What are the prime factors of m?
2, 13
Suppose 0 = -4*x - b - 42, -4*x + 4*b - 34 = b. What are the prime factors of ((-5)/2 + 0)*x/1?
5
List the prime factors of 7*(-14)/49 + 3673.
3671
Suppose -213 = -3*t + 333. What are the prime factors of (-1376)/(-13) + 28/t?
2, 53
Suppose 2*h - 3*n - 2*n = 114, -2*n = 5*h - 343. Let a be 1/6 - 1145/30. Let j = a + h. What are the prime factors of j?
29
Let n(b) = -53*b**3 - 2*b**2 + 6*b + 12. What are the prime factors of n(-2)?
2, 13
Let f(b) = -b**2 + 10*b - 9. Let c = -7 + 8. Let n be -2*(-1)/(c/4). List the prime factors of f(n).
7
Suppose 6*a + 456 = -0*a. What are the prime factors of (-4)/(236/a - -3)?
2, 19
Let j = 371 - -205. What are the prime factors of j?
2, 3
Suppose l - 5 = 528. List the prime factors of l.
13, 41
Let d be 8/(-32)*0/2. Suppose d = k - o, -3*k - 4 + 0 = -5*o. Suppose -6 = -k*x + 12. What are the prime factors of x?
3
Suppose -9*d + 2023 = -2729. List the prime factors of d.
2, 3, 11
Let d(z) = 836*z**2 + 8*z. List the prime factors of d(1).
2, 211
Suppose 2*n = -5*h + 9, -8 - 6 = -2*n - 4*h. Let x 